{"version":"1.0","provider_name":"Federaci\u00f3n Insular de Tenerife","provider_url":"https:\/\/www.fecanbm.es\/tenerife","author_name":"FECANBM","author_url":"https:\/\/www.fecanbm.es\/tenerife\/author\/fecanbm\/","title":"CONCENTRACIONES SELECCIONES CANARIAS - Federaci\u00f3n Insular de Tenerife","type":"rich","width":600,"height":338,"html":"<blockquote class=\"wp-embedded-content\" data-secret=\"7IPtctlFld\"><a href=\"https:\/\/www.fecanbm.es\/tenerife\/concentraciones-selecciones-canarias\/\">CONCENTRACIONES SELECCIONES CANARIAS<\/a><\/blockquote><iframe sandbox=\"allow-scripts\" security=\"restricted\" src=\"https:\/\/www.fecanbm.es\/tenerife\/concentraciones-selecciones-canarias\/embed\/#?secret=7IPtctlFld\" width=\"600\" height=\"338\" title=\"\u00abCONCENTRACIONES SELECCIONES CANARIAS\u00bb \u2014 Federaci\u00f3n Insular de Tenerife\" data-secret=\"7IPtctlFld\" frameborder=\"0\" marginwidth=\"0\" marginheight=\"0\" scrolling=\"no\" class=\"wp-embedded-content\"><\/iframe><script>\n\/*! This file is auto-generated *\/\n!function(d,l){\"use strict\";l.querySelector&&d.addEventListener&&\"undefined\"!=typeof URL&&(d.wp=d.wp||{},d.wp.receiveEmbedMessage||(d.wp.receiveEmbedMessage=function(e){var t=e.data;if((t||t.secret||t.message||t.value)&&!\/[^a-zA-Z0-9]\/.test(t.secret)){for(var s,r,n,a=l.querySelectorAll('iframe[data-secret=\"'+t.secret+'\"]'),o=l.querySelectorAll('blockquote[data-secret=\"'+t.secret+'\"]'),c=new RegExp(\"^https?:$\",\"i\"),i=0;i<o.length;i++)o[i].style.display=\"none\";for(i=0;i<a.length;i++)s=a[i],e.source===s.contentWindow&&(s.removeAttribute(\"style\"),\"height\"===t.message?(1e3<(r=parseInt(t.value,10))?r=1e3:~~r<200&&(r=200),s.height=r):\"link\"===t.message&&(r=new URL(s.getAttribute(\"src\")),n=new URL(t.value),c.test(n.protocol))&&n.host===r.host&&l.activeElement===s&&(d.top.location.href=t.value))}},d.addEventListener(\"message\",d.wp.receiveEmbedMessage,!1),l.addEventListener(\"DOMContentLoaded\",function(){for(var e,t,s=l.querySelectorAll(\"iframe.wp-embedded-content\"),r=0;r<s.length;r++)(t=(e=s[r]).getAttribute(\"data-secret\"))||(t=Math.random().toString(36).substring(2,12),e.src+=\"#?secret=\"+t,e.setAttribute(\"data-secret\",t)),e.contentWindow.postMessage({message:\"ready\",secret:t},\"*\")},!1)))}(window,document);\n\/\/# sourceURL=https:\/\/www.fecanbm.es\/tenerife\/wp-includes\/js\/wp-embed.min.js\n<\/script>\n","description":"Dentro del programa de la Direcci\u00f3n T\u00e9cnica de la Federaci\u00f3n Canaria, la fecha del 28 de Octubre es la destinada para que los seleccionadores canarios trabajen en nuestra isla en varias concentraciones y as\u00ed poder conformar los distintos grupos que a partir del mes de Enero compitan en los Campeonatos de Espa\u00f1a de Comunidades Aut\u00f3nomas [&hellip;]","thumbnail_url":"https:\/\/fecanbm.com\/sites\/default\/files\/imagenes\/33313933_252862748593920_8677797004262244352_n.jpg"}

Federación Insular de Tenerife

CONCENTRACIONES SELECCIONES CANARIAS - Federación Insular de Tenerife

<blockquote class="wp-embedded-content" data-secret="7IPtctlFld"><a href="https://www.fecanbm.es/tenerife/concentraciones-selecciones-canarias/">CONCENTRACIONES SELECCIONES CANARIAS</a></blockquote><iframe sandbox="allow-scripts" security="restricted" src="https://www.fecanbm.es/tenerife/concentraciones-selecciones-canarias/embed/#?secret=7IPtctlFld" width="600" height="338" title="«CONCENTRACIONES SELECCIONES CANARIAS» — Federación Insular de Tenerife" data-secret="7IPtctlFld" frameborder="0" marginwidth="0" marginheight="0" scrolling="no" class="wp-embedded-content"></iframe><script>
/*! This file is auto-generated */
!function(d,l){"use strict";l.querySelector&&d.addEventListener&&"undefined"!=typeof URL&&(d.wp=d.wp||{},d.wp.receiveEmbedMessage||(d.wp.receiveEmbedMessage=function(e){var t=e.data;if((t||t.secret||t.message||t.value)&&!/[^a-zA-Z0-9]/.test(t.secret)){for(var s,r,n,a=l.querySelectorAll('iframe[data-secret="'+t.secret+'"]'),o=l.querySelectorAll('blockquote[data-secret="'+t.secret+'"]'),c=new RegExp("^https?:$","i"),i=0;i<o.length;i++)o[i].style.display="none";for(i=0;i<a.length;i++)s=a[i],e.source===s.contentWindow&&(s.removeAttribute("style"),"height"===t.message?(1e3<(r=parseInt(t.value,10))?r=1e3:~~r<200&&(r=200),s.height=r):"link"===t.message&&(r=new URL(s.getAttribute("src")),n=new URL(t.value),c.test(n.protocol))&&n.host===r.host&&l.activeElement===s&&(d.top.location.href=t.value))}},d.addEventListener("message",d.wp.receiveEmbedMessage,!1),l.addEventListener("DOMContentLoaded",function(){for(var e,t,s=l.querySelectorAll("iframe.wp-embedded-content"),r=0;r<s.length;r++)(t=(e=s[r]).getAttribute("data-secret"))||(t=Math.random().toString(36).substring(2,12),e.src+="#?secret="+t,e.setAttribute("data-secret",t)),e.contentWindow.postMessage({message:"ready",secret:t},"*")},!1)))}(window,document);
//# sourceURL=https://www.fecanbm.es/tenerife/wp-includes/js/wp-embed.min.js
</script>

Dentro del programa de la Dirección Técnica de la Federación Canaria, la fecha del 28 de Octubre es la destinada para que los seleccionadores canarios trabajen en nuestra isla en varias concentraciones y así poder conformar los distintos grupos que a partir del mes de Enero compitan en los Campeonatos de España de Comunidades Autónomas [&hellip;]
