{"version":"1.0","provider_name":"Federaci\u00f3n Insular de Lanzarote","provider_url":"https:\/\/www.fecanbm.es\/lanzarote","author_name":"FECANBM","author_url":"https:\/\/www.fecanbm.es\/lanzarote\/author\/fecanbm\/","title":"ARRANCA EL XXIV CAMPUS DE VERANO ANTONIO MORENO - Federaci\u00f3n Insular de Lanzarote","type":"rich","width":600,"height":338,"html":"<blockquote class=\"wp-embedded-content\" data-secret=\"5U1xl9USKn\"><a href=\"https:\/\/www.fecanbm.es\/lanzarote\/arranca-el-xxiv-campus-de-verano-antonio-moreno\/\">ARRANCA EL XXIV CAMPUS DE VERANO ANTONIO MORENO<\/a><\/blockquote><iframe sandbox=\"allow-scripts\" security=\"restricted\" src=\"https:\/\/www.fecanbm.es\/lanzarote\/arranca-el-xxiv-campus-de-verano-antonio-moreno\/embed\/#?secret=5U1xl9USKn\" width=\"600\" height=\"338\" title=\"\u00abARRANCA EL XXIV CAMPUS DE VERANO ANTONIO MORENO\u00bb \u2014 Federaci\u00f3n Insular de Lanzarote\" data-secret=\"5U1xl9USKn\" frameborder=\"0\" marginwidth=\"0\" marginheight=\"0\" scrolling=\"no\" class=\"wp-embedded-content\"><\/iframe><script>\n\/*! This file is auto-generated *\/\n!function(d,l){\"use strict\";l.querySelector&&d.addEventListener&&\"undefined\"!=typeof URL&&(d.wp=d.wp||{},d.wp.receiveEmbedMessage||(d.wp.receiveEmbedMessage=function(e){var t=e.data;if((t||t.secret||t.message||t.value)&&!\/[^a-zA-Z0-9]\/.test(t.secret)){for(var s,r,n,a=l.querySelectorAll('iframe[data-secret=\"'+t.secret+'\"]'),o=l.querySelectorAll('blockquote[data-secret=\"'+t.secret+'\"]'),c=new RegExp(\"^https?:$\",\"i\"),i=0;i<o.length;i++)o[i].style.display=\"none\";for(i=0;i<a.length;i++)s=a[i],e.source===s.contentWindow&&(s.removeAttribute(\"style\"),\"height\"===t.message?(1e3<(r=parseInt(t.value,10))?r=1e3:~~r<200&&(r=200),s.height=r):\"link\"===t.message&&(r=new URL(s.getAttribute(\"src\")),n=new URL(t.value),c.test(n.protocol))&&n.host===r.host&&l.activeElement===s&&(d.top.location.href=t.value))}},d.addEventListener(\"message\",d.wp.receiveEmbedMessage,!1),l.addEventListener(\"DOMContentLoaded\",function(){for(var e,t,s=l.querySelectorAll(\"iframe.wp-embedded-content\"),r=0;r<s.length;r++)(t=(e=s[r]).getAttribute(\"data-secret\"))||(t=Math.random().toString(36).substring(2,12),e.src+=\"#?secret=\"+t,e.setAttribute(\"data-secret\",t)),e.contentWindow.postMessage({message:\"ready\",secret:t},\"*\")},!1)))}(window,document);\n\/\/# sourceURL=https:\/\/www.fecanbm.es\/lanzarote\/wp-includes\/js\/wp-embed.min.js\n<\/script>\n","description":"En la ma\u00f1ana de hoy se convocaba a los ni\u00f1os y ni\u00f1as que participar\u00e1n desde hoy hasta el pr\u00f3ximo domingo d\u00eda 9 en el XXIV Campus de Verano Antonio Moreno, con sede principal en el Colegio Arenas Sur. Los asistentes se reunir\u00edan esta ma\u00f1ana en el Pabell\u00f3n Insular Antonio Moreno para entrar en las instalaciones [&hellip;]","thumbnail_url":"http:\/\/fecanbm.com\/sites\/default\/files\/imagenes\/img-20170703-wa0025.jpg"}

Federación Insular de Lanzarote

ARRANCA EL XXIV CAMPUS DE VERANO ANTONIO MORENO - Federación Insular de Lanzarote

<blockquote class="wp-embedded-content" data-secret="5U1xl9USKn"><a href="https://www.fecanbm.es/lanzarote/arranca-el-xxiv-campus-de-verano-antonio-moreno/">ARRANCA EL XXIV CAMPUS DE VERANO ANTONIO MORENO</a></blockquote><iframe sandbox="allow-scripts" security="restricted" src="https://www.fecanbm.es/lanzarote/arranca-el-xxiv-campus-de-verano-antonio-moreno/embed/#?secret=5U1xl9USKn" width="600" height="338" title="«ARRANCA EL XXIV CAMPUS DE VERANO ANTONIO MORENO» — Federación Insular de Lanzarote" data-secret="5U1xl9USKn" frameborder="0" marginwidth="0" marginheight="0" scrolling="no" class="wp-embedded-content"></iframe><script>
/*! This file is auto-generated */
!function(d,l){"use strict";l.querySelector&&d.addEventListener&&"undefined"!=typeof URL&&(d.wp=d.wp||{},d.wp.receiveEmbedMessage||(d.wp.receiveEmbedMessage=function(e){var t=e.data;if((t||t.secret||t.message||t.value)&&!/[^a-zA-Z0-9]/.test(t.secret)){for(var s,r,n,a=l.querySelectorAll('iframe[data-secret="'+t.secret+'"]'),o=l.querySelectorAll('blockquote[data-secret="'+t.secret+'"]'),c=new RegExp("^https?:$","i"),i=0;i<o.length;i++)o[i].style.display="none";for(i=0;i<a.length;i++)s=a[i],e.source===s.contentWindow&&(s.removeAttribute("style"),"height"===t.message?(1e3<(r=parseInt(t.value,10))?r=1e3:~~r<200&&(r=200),s.height=r):"link"===t.message&&(r=new URL(s.getAttribute("src")),n=new URL(t.value),c.test(n.protocol))&&n.host===r.host&&l.activeElement===s&&(d.top.location.href=t.value))}},d.addEventListener("message",d.wp.receiveEmbedMessage,!1),l.addEventListener("DOMContentLoaded",function(){for(var e,t,s=l.querySelectorAll("iframe.wp-embedded-content"),r=0;r<s.length;r++)(t=(e=s[r]).getAttribute("data-secret"))||(t=Math.random().toString(36).substring(2,12),e.src+="#?secret="+t,e.setAttribute("data-secret",t)),e.contentWindow.postMessage({message:"ready",secret:t},"*")},!1)))}(window,document);
//# sourceURL=https://www.fecanbm.es/lanzarote/wp-includes/js/wp-embed.min.js
</script>

En la mañana de hoy se convocaba a los niños y niñas que participarán desde hoy hasta el próximo domingo día 9 en el XXIV Campus de Verano Antonio Moreno, con sede principal en el Colegio Arenas Sur. Los asistentes se reunirían esta mañana en el Pabellón Insular Antonio Moreno para entrar en las instalaciones [&hellip;]
