{"id":8145,"date":"2025-06-03T14:57:07","date_gmt":"2025-06-03T12:57:07","guid":{"rendered":"https:\/\/www.fecanbm.es\/fuerteventura\/?page_id=8145"},"modified":"2025-06-20T11:47:50","modified_gmt":"2025-06-20T09:47:50","slug":"junta-de-gobierno","status":"publish","type":"page","link":"https:\/\/www.fecanbm.es\/fuerteventura\/junta-de-gobierno\/","title":{"rendered":"Junta de Gobierno"},"content":{"rendered":"\t\t<div data-elementor-type=\"wp-page\" data-elementor-id=\"8145\" class=\"elementor elementor-8145\" data-elementor-post-type=\"page\">\n\t\t\t\t<div class=\"elementor-element elementor-element-905dcd5 e-con-full e-flex e-con e-parent\" data-id=\"905dcd5\" data-element_type=\"container\" data-e-type=\"container\" data-settings=\"{&quot;background_background&quot;:&quot;classic&quot;}\">\n\t\t\t\t<\/div>\n\t\t<div class=\"elementor-element elementor-element-262854f e-flex e-con-boxed e-con e-parent\" data-id=\"262854f\" data-element_type=\"container\" data-e-type=\"container\" data-settings=\"{&quot;background_background&quot;:&quot;classic&quot;}\">\n\t\t\t\t\t<div class=\"e-con-inner\">\n\t\t<div class=\"elementor-element elementor-element-a7f8cb3 e-con-full e-flex e-con e-child\" data-id=\"a7f8cb3\" data-element_type=\"container\" data-e-type=\"container\" data-settings=\"{&quot;background_background&quot;:&quot;classic&quot;}\">\n\t\t<div class=\"elementor-element elementor-element-80b26c0 e-con-full e-flex e-con e-child\" data-id=\"80b26c0\" data-element_type=\"container\" data-e-type=\"container\">\n\t\t<div class=\"elementor-element elementor-element-81e6774 e-con-full e-flex e-con e-child\" data-id=\"81e6774\" data-element_type=\"container\" data-e-type=\"container\">\n\t\t\t\t<div class=\"elementor-element elementor-element-554814a elementor-widget elementor-widget-image\" data-id=\"554814a\" data-element_type=\"widget\" data-e-type=\"widget\" data-widget_type=\"image.default\">\n\t\t\t\t<div class=\"elementor-widget-container\">\n\t\t\t\t\t\t\t\t\t\t\t\t\t\t\t<img decoding=\"async\" src=\"https:\/\/www.fecanbm.es\/fuerteventura\/wp-content\/uploads\/sites\/5\/elementor\/thumbs\/avatar_icon-r6roua44yeh7c8jxiskf775rg4gdy88zf1q387gbx8.webp\" title=\"avatar_icon.jpg\" alt=\"avatar_icon.jpg\" loading=\"lazy\" \/>\t\t\t\t\t\t\t\t\t\t\t\t\t\t\t<\/div>\n\t\t\t\t<\/div>\n\t\t\t\t<\/div>\n\t\t<div class=\"elementor-element elementor-element-e728ee6 e-con-full e-flex e-con e-child\" data-id=\"e728ee6\" data-element_type=\"container\" data-e-type=\"container\">\n\t\t\t\t<div class=\"elementor-element elementor-element-3473670 elementor-widget__width-inherit elementor-widget elementor-widget-icon-box\" data-id=\"3473670\" data-element_type=\"widget\" data-e-type=\"widget\" data-widget_type=\"icon-box.default\">\n\t\t\t\t<div class=\"elementor-widget-container\">\n\t\t\t\t\t\t\t<div class=\"elementor-icon-box-wrapper\">\n\n\t\t\t\n\t\t\t\t\t\t<div class=\"elementor-icon-box-content\">\n\n\t\t\t\t\t\t\t\t\t<h3 class=\"elementor-icon-box-title\">\n\t\t\t\t\t\t<span  >\n\t\t\t\t\t\t\tPresidenta\t\t\t\t\t\t<\/span>\n\t\t\t\t\t<\/h3>\n\t\t\t\t\n\t\t\t\t\t\t\t\t\t<p class=\"elementor-icon-box-description\">\n\t\t\t\t\t\tD\u00aa. Sheila Fari\u00f1a Garc\u00eda\t\t\t\t\t<\/p>\n\t\t\t\t\n\t\t\t<\/div>\n\t\t\t\n\t\t<\/div>\n\t\t\t\t\t\t<\/div>\n\t\t\t\t<\/div>\n\t\t\t\t<\/div>\n\t\t\t\t<\/div>\n\t\t\t\t<\/div>\n\t\t<div class=\"elementor-element elementor-element-3bfc1dd e-con-full e-flex e-con e-child\" data-id=\"3bfc1dd\" data-element_type=\"container\" data-e-type=\"container\" data-settings=\"{&quot;background_background&quot;:&quot;classic&quot;}\">\n\t\t<div class=\"elementor-element elementor-element-35b0c27 e-con-full e-flex e-con e-child\" data-id=\"35b0c27\" data-element_type=\"container\" data-e-type=\"container\">\n\t\t<div class=\"elementor-element elementor-element-9562e13 e-con-full e-flex e-con e-child\" data-id=\"9562e13\" data-element_type=\"container\" data-e-type=\"container\">\n\t\t\t\t<div class=\"elementor-element elementor-element-90cdea6 elementor-widget elementor-widget-image\" data-id=\"90cdea6\" data-element_type=\"widget\" data-e-type=\"widget\" data-widget_type=\"image.default\">\n\t\t\t\t<div class=\"elementor-widget-container\">\n\t\t\t\t\t\t\t\t\t\t\t\t\t\t\t<img decoding=\"async\" src=\"https:\/\/www.fecanbm.es\/fuerteventura\/wp-content\/uploads\/sites\/5\/elementor\/thumbs\/avatar_icon-r6roua44yeh7c8jxiskf775rg4gdy88zf1q387gbx8.webp\" title=\"avatar_icon.jpg\" alt=\"avatar_icon.jpg\" loading=\"lazy\" \/>\t\t\t\t\t\t\t\t\t\t\t\t\t\t\t<\/div>\n\t\t\t\t<\/div>\n\t\t\t\t<\/div>\n\t\t<div class=\"elementor-element elementor-element-a0d37d4 e-con-full e-flex e-con e-child\" data-id=\"a0d37d4\" data-element_type=\"container\" data-e-type=\"container\">\n\t\t\t\t<div class=\"elementor-element elementor-element-14538e4 elementor-widget__width-inherit elementor-widget elementor-widget-icon-box\" data-id=\"14538e4\" data-element_type=\"widget\" data-e-type=\"widget\" data-widget_type=\"icon-box.default\">\n\t\t\t\t<div class=\"elementor-widget-container\">\n\t\t\t\t\t\t\t<div class=\"elementor-icon-box-wrapper\">\n\n\t\t\t\n\t\t\t\t\t\t<div class=\"elementor-icon-box-content\">\n\n\t\t\t\t\t\t\t\t\t<h3 class=\"elementor-icon-box-title\">\n\t\t\t\t\t\t<span  >\n\t\t\t\t\t\t\tVicepresidenta\t\t\t\t\t\t<\/span>\n\t\t\t\t\t<\/h3>\n\t\t\t\t\n\t\t\t\t\t\t\t\t\t<p class=\"elementor-icon-box-description\">\n\t\t\t\t\t\tD\u00aa Sheila Fari\u00f1a Garc\u00eda\t\t\t\t\t<\/p>\n\t\t\t\t\n\t\t\t<\/div>\n\t\t\t\n\t\t<\/div>\n\t\t\t\t\t\t<\/div>\n\t\t\t\t<\/div>\n\t\t\t\t<\/div>\n\t\t\t\t<\/div>\n\t\t<div class=\"elementor-element elementor-element-c2cc7ce e-con-full e-flex e-con e-child\" data-id=\"c2cc7ce\" data-element_type=\"container\" data-e-type=\"container\">\n\t\t<div class=\"elementor-element elementor-element-ed29b47 e-con-full e-flex e-con e-child\" data-id=\"ed29b47\" data-element_type=\"container\" data-e-type=\"container\">\n\t\t\t\t<div class=\"elementor-element elementor-element-8868054 elementor-widget elementor-widget-image\" data-id=\"8868054\" data-element_type=\"widget\" data-e-type=\"widget\" data-widget_type=\"image.default\">\n\t\t\t\t<div class=\"elementor-widget-container\">\n\t\t\t\t\t\t\t\t\t\t\t\t\t\t\t<img decoding=\"async\" src=\"https:\/\/www.fecanbm.es\/fuerteventura\/wp-content\/uploads\/sites\/5\/elementor\/thumbs\/avatar_icon-r6roua44yeh7c8jxiskf775rg4gdy88zf1q387gbx8.webp\" title=\"avatar_icon.jpg\" alt=\"avatar_icon.jpg\" loading=\"lazy\" \/>\t\t\t\t\t\t\t\t\t\t\t\t\t\t\t<\/div>\n\t\t\t\t<\/div>\n\t\t\t\t<\/div>\n\t\t<div class=\"elementor-element elementor-element-61cd9a0 e-con-full e-flex e-con e-child\" data-id=\"61cd9a0\" data-element_type=\"container\" data-e-type=\"container\">\n\t\t\t\t<div class=\"elementor-element elementor-element-c8adf84 elementor-widget__width-inherit elementor-widget elementor-widget-icon-box\" data-id=\"c8adf84\" data-element_type=\"widget\" data-e-type=\"widget\" data-widget_type=\"icon-box.default\">\n\t\t\t\t<div class=\"elementor-widget-container\">\n\t\t\t\t\t\t\t<div class=\"elementor-icon-box-wrapper\">\n\n\t\t\t\n\t\t\t\t\t\t<div class=\"elementor-icon-box-content\">\n\n\t\t\t\t\t\t\t\t\t<h3 class=\"elementor-icon-box-title\">\n\t\t\t\t\t\t<span  >\n\t\t\t\t\t\t\tVocal\t\t\t\t\t\t<\/span>\n\t\t\t\t\t<\/h3>\n\t\t\t\t\n\t\t\t\t\t\t\t\t\t<p class=\"elementor-icon-box-description\">\n\t\t\t\t\t\tD. Samuel Cabrera Bethencourt\t\t\t\t\t<\/p>\n\t\t\t\t\n\t\t\t<\/div>\n\t\t\t\n\t\t<\/div>\n\t\t\t\t\t\t<\/div>\n\t\t\t\t<\/div>\n\t\t\t\t<\/div>\n\t\t\t\t<\/div>\n\t\t<div class=\"elementor-element elementor-element-504c71f e-con-full e-flex e-con e-child\" data-id=\"504c71f\" data-element_type=\"container\" data-e-type=\"container\">\n\t\t<div class=\"elementor-element elementor-element-8049ea3 e-con-full e-flex e-con e-child\" data-id=\"8049ea3\" data-element_type=\"container\" data-e-type=\"container\">\n\t\t\t\t<div class=\"elementor-element elementor-element-d0cede0 elementor-widget elementor-widget-image\" data-id=\"d0cede0\" data-element_type=\"widget\" data-e-type=\"widget\" data-widget_type=\"image.default\">\n\t\t\t\t<div class=\"elementor-widget-container\">\n\t\t\t\t\t\t\t\t\t\t\t\t\t\t\t<img decoding=\"async\" src=\"https:\/\/www.fecanbm.es\/fuerteventura\/wp-content\/uploads\/sites\/5\/elementor\/thumbs\/avatar_icon-r6roua44yeh7c8jxiskf775rg4gdy88zf1q387gbx8.webp\" title=\"avatar_icon.jpg\" alt=\"avatar_icon.jpg\" loading=\"lazy\" \/>\t\t\t\t\t\t\t\t\t\t\t\t\t\t\t<\/div>\n\t\t\t\t<\/div>\n\t\t\t\t<\/div>\n\t\t<div class=\"elementor-element elementor-element-7e9f945 e-con-full e-flex e-con e-child\" data-id=\"7e9f945\" data-element_type=\"container\" data-e-type=\"container\">\n\t\t\t\t<div class=\"elementor-element elementor-element-f28990b elementor-widget__width-inherit elementor-widget elementor-widget-icon-box\" data-id=\"f28990b\" data-element_type=\"widget\" data-e-type=\"widget\" data-widget_type=\"icon-box.default\">\n\t\t\t\t<div class=\"elementor-widget-container\">\n\t\t\t\t\t\t\t<div class=\"elementor-icon-box-wrapper\">\n\n\t\t\t\n\t\t\t\t\t\t<div class=\"elementor-icon-box-content\">\n\n\t\t\t\t\t\t\t\t\t<h3 class=\"elementor-icon-box-title\">\n\t\t\t\t\t\t<span  >\n\t\t\t\t\t\t\tVocal\t\t\t\t\t\t<\/span>\n\t\t\t\t\t<\/h3>\n\t\t\t\t\n\t\t\t\t\t\t\t\t\t<p class=\"elementor-icon-box-description\">\n\t\t\t\t\t\tPedro Cabrera Armas\t\t\t\t\t<\/p>\n\t\t\t\t\n\t\t\t<\/div>\n\t\t\t\n\t\t<\/div>\n\t\t\t\t\t\t<\/div>\n\t\t\t\t<\/div>\n\t\t\t\t<\/div>\n\t\t\t\t<\/div>\n\t\t<div class=\"elementor-element elementor-element-4ad6c18 e-con-full e-flex e-con e-child\" data-id=\"4ad6c18\" data-element_type=\"container\" data-e-type=\"container\">\n\t\t<div class=\"elementor-element elementor-element-423d19f e-con-full e-flex e-con e-child\" data-id=\"423d19f\" data-element_type=\"container\" data-e-type=\"container\">\n\t\t\t\t<div class=\"elementor-element elementor-element-cc1bef8 elementor-widget elementor-widget-image\" data-id=\"cc1bef8\" data-element_type=\"widget\" data-e-type=\"widget\" data-widget_type=\"image.default\">\n\t\t\t\t<div class=\"elementor-widget-container\">\n\t\t\t\t\t\t\t\t\t\t\t\t\t\t\t<img decoding=\"async\" src=\"https:\/\/www.fecanbm.es\/fuerteventura\/wp-content\/uploads\/sites\/5\/elementor\/thumbs\/avatar_icon-r6roua44yeh7c8jxiskf775rg4gdy88zf1q387gbx8.webp\" title=\"avatar_icon.jpg\" alt=\"avatar_icon.jpg\" loading=\"lazy\" \/>\t\t\t\t\t\t\t\t\t\t\t\t\t\t\t<\/div>\n\t\t\t\t<\/div>\n\t\t\t\t<\/div>\n\t\t<div class=\"elementor-element elementor-element-c3477c9 e-con-full e-flex e-con e-child\" data-id=\"c3477c9\" data-element_type=\"container\" data-e-type=\"container\">\n\t\t\t\t<div class=\"elementor-element elementor-element-1e1ee62 elementor-widget__width-inherit elementor-widget elementor-widget-icon-box\" data-id=\"1e1ee62\" data-element_type=\"widget\" data-e-type=\"widget\" data-widget_type=\"icon-box.default\">\n\t\t\t\t<div class=\"elementor-widget-container\">\n\t\t\t\t\t\t\t<div class=\"elementor-icon-box-wrapper\">\n\n\t\t\t\n\t\t\t\t\t\t<div class=\"elementor-icon-box-content\">\n\n\t\t\t\t\t\t\t\t\t<h3 class=\"elementor-icon-box-title\">\n\t\t\t\t\t\t<span  >\n\t\t\t\t\t\t\tSecretario\t\t\t\t\t\t<\/span>\n\t\t\t\t\t<\/h3>\n\t\t\t\t\n\t\t\t\t\t\t\t\t\t<p class=\"elementor-icon-box-description\">\n\t\t\t\t\t\tD. V\u00edctor Manuel Mart\u00edn Mesa\t\t\t\t\t<\/p>\n\t\t\t\t\n\t\t\t<\/div>\n\t\t\t\n\t\t<\/div>\n\t\t\t\t\t\t<\/div>\n\t\t\t\t<\/div>\n\t\t\t\t<\/div>\n\t\t\t\t<\/div>\n\t\t\t\t<\/div>\n\t\t\t\t\t<\/div>\n\t\t\t\t<\/div>\n\t\t\t\t<\/div>\n\t\t","protected":false},"excerpt":{"rendered":"<p>Presidenta D\u00aa. Sheila Fari\u00f1a Garc\u00eda Vicepresidenta D\u00aa Sheila Fari\u00f1a Garc\u00eda Vocal D. Samuel Cabrera Bethencourt Vocal Pedro Cabrera Armas Secretario D. V\u00edctor Manuel Mart\u00edn Mesa<\/p>\n","protected":false},"author":1,"featured_media":0,"parent":0,"menu_order":0,"comment_status":"closed","ping_status":"closed","template":"elementor_header_footer","meta":{"ngg_post_thumbnail":0,"footnotes":""},"class_list":["post-8145","page","type-page","status-publish","hentry"],"yoast_head":"<!-- This site is optimized with the Yoast SEO plugin v27.5 - https:\/\/yoast.com\/product\/yoast-seo-wordpress\/ -->\n<title>Junta de Gobierno - Federaci\u00f3n Insular de Fuerteventura<\/title>\n<meta name=\"robots\" content=\"index, follow, max-snippet:-1, max-image-preview:large, max-video-preview:-1\" \/>\n<link rel=\"canonical\" href=\"https:\/\/www.fecanbm.es\/fuerteventura\/junta-de-gobierno\/\" \/>\n<meta property=\"og:locale\" content=\"es_ES\" \/>\n<meta property=\"og:type\" content=\"article\" \/>\n<meta property=\"og:title\" content=\"Junta de Gobierno - Federaci\u00f3n Insular de Fuerteventura\" \/>\n<meta property=\"og:description\" content=\"Presidenta D\u00aa. Sheila Fari\u00f1a Garc\u00eda Vicepresidenta D\u00aa Sheila Fari\u00f1a Garc\u00eda Vocal D. Samuel Cabrera Bethencourt Vocal Pedro Cabrera Armas Secretario D. V\u00edctor Manuel Mart\u00edn Mesa\" \/>\n<meta property=\"og:url\" content=\"https:\/\/www.fecanbm.es\/fuerteventura\/junta-de-gobierno\/\" \/>\n<meta property=\"og:site_name\" content=\"Federaci\u00f3n Insular de Fuerteventura\" \/>\n<meta property=\"article:modified_time\" content=\"2025-06-20T09:47:50+00:00\" \/>\n<meta property=\"og:image\" content=\"https:\/\/www.fecanbm.es\/fuerteventura\/wp-content\/uploads\/sites\/5\/elementor\/thumbs\/avatar_icon-r6roua44yeh7c8jxiskf775rg4gdy88zf1q387gbx8.webp\" \/>\n<meta name=\"twitter:card\" content=\"summary_large_image\" \/>\n<meta name=\"twitter:label1\" content=\"Tiempo de lectura\" \/>\n\t<meta name=\"twitter:data1\" content=\"2 minutos\" \/>\n<script type=\"application\/ld+json\" class=\"yoast-schema-graph\">{\"@context\":\"https:\\\/\\\/schema.org\",\"@graph\":[{\"@type\":\"WebPage\",\"@id\":\"https:\\\/\\\/www.fecanbm.es\\\/fuerteventura\\\/junta-de-gobierno\\\/\",\"url\":\"https:\\\/\\\/www.fecanbm.es\\\/fuerteventura\\\/junta-de-gobierno\\\/\",\"name\":\"Junta de Gobierno - Federaci\u00f3n Insular de Fuerteventura\",\"isPartOf\":{\"@id\":\"https:\\\/\\\/www.fecanbm.es\\\/fuerteventura\\\/#website\"},\"primaryImageOfPage\":{\"@id\":\"https:\\\/\\\/www.fecanbm.es\\\/fuerteventura\\\/junta-de-gobierno\\\/#primaryimage\"},\"image\":{\"@id\":\"https:\\\/\\\/www.fecanbm.es\\\/fuerteventura\\\/junta-de-gobierno\\\/#primaryimage\"},\"thumbnailUrl\":\"https:\\\/\\\/www.fecanbm.es\\\/fuerteventura\\\/wp-content\\\/uploads\\\/sites\\\/5\\\/elementor\\\/thumbs\\\/avatar_icon-r6roua44yeh7c8jxiskf775rg4gdy88zf1q387gbx8.webp\",\"datePublished\":\"2025-06-03T12:57:07+00:00\",\"dateModified\":\"2025-06-20T09:47:50+00:00\",\"breadcrumb\":{\"@id\":\"https:\\\/\\\/www.fecanbm.es\\\/fuerteventura\\\/junta-de-gobierno\\\/#breadcrumb\"},\"inLanguage\":\"es\",\"potentialAction\":[{\"@type\":\"ReadAction\",\"target\":[\"https:\\\/\\\/www.fecanbm.es\\\/fuerteventura\\\/junta-de-gobierno\\\/\"]}]},{\"@type\":\"ImageObject\",\"inLanguage\":\"es\",\"@id\":\"https:\\\/\\\/www.fecanbm.es\\\/fuerteventura\\\/junta-de-gobierno\\\/#primaryimage\",\"url\":\"https:\\\/\\\/www.fecanbm.es\\\/fuerteventura\\\/wp-content\\\/uploads\\\/sites\\\/5\\\/elementor\\\/thumbs\\\/avatar_icon-r6roua44yeh7c8jxiskf775rg4gdy88zf1q387gbx8.webp\",\"contentUrl\":\"https:\\\/\\\/www.fecanbm.es\\\/fuerteventura\\\/wp-content\\\/uploads\\\/sites\\\/5\\\/elementor\\\/thumbs\\\/avatar_icon-r6roua44yeh7c8jxiskf775rg4gdy88zf1q387gbx8.webp\"},{\"@type\":\"BreadcrumbList\",\"@id\":\"https:\\\/\\\/www.fecanbm.es\\\/fuerteventura\\\/junta-de-gobierno\\\/#breadcrumb\",\"itemListElement\":[{\"@type\":\"ListItem\",\"position\":1,\"name\":\"Portada\",\"item\":\"https:\\\/\\\/www.fecanbm.es\\\/fuerteventura\\\/\"},{\"@type\":\"ListItem\",\"position\":2,\"name\":\"Junta de Gobierno\"}]},{\"@type\":\"WebSite\",\"@id\":\"https:\\\/\\\/www.fecanbm.es\\\/fuerteventura\\\/#website\",\"url\":\"https:\\\/\\\/www.fecanbm.es\\\/fuerteventura\\\/\",\"name\":\"Federaci\u00f3n Insular de Fuerteventura\",\"description\":\"Federaci\u00f3n Insular de Fuerteventura\",\"potentialAction\":[{\"@type\":\"SearchAction\",\"target\":{\"@type\":\"EntryPoint\",\"urlTemplate\":\"https:\\\/\\\/www.fecanbm.es\\\/fuerteventura\\\/?s={search_term_string}\"},\"query-input\":{\"@type\":\"PropertyValueSpecification\",\"valueRequired\":true,\"valueName\":\"search_term_string\"}}],\"inLanguage\":\"es\"}]}<\/script>\n<!-- \/ Yoast SEO plugin. -->","yoast_head_json":{"title":"Junta de Gobierno - Federaci\u00f3n Insular de Fuerteventura","robots":{"index":"index","follow":"follow","max-snippet":"max-snippet:-1","max-image-preview":"max-image-preview:large","max-video-preview":"max-video-preview:-1"},"canonical":"https:\/\/www.fecanbm.es\/fuerteventura\/junta-de-gobierno\/","og_locale":"es_ES","og_type":"article","og_title":"Junta de Gobierno - Federaci\u00f3n Insular de Fuerteventura","og_description":"Presidenta D\u00aa. Sheila Fari\u00f1a Garc\u00eda Vicepresidenta D\u00aa Sheila Fari\u00f1a Garc\u00eda Vocal D. Samuel Cabrera Bethencourt Vocal Pedro Cabrera Armas Secretario D. V\u00edctor Manuel Mart\u00edn Mesa","og_url":"https:\/\/www.fecanbm.es\/fuerteventura\/junta-de-gobierno\/","og_site_name":"Federaci\u00f3n Insular de Fuerteventura","article_modified_time":"2025-06-20T09:47:50+00:00","og_image":[{"url":"https:\/\/www.fecanbm.es\/fuerteventura\/wp-content\/uploads\/sites\/5\/elementor\/thumbs\/avatar_icon-r6roua44yeh7c8jxiskf775rg4gdy88zf1q387gbx8.webp","type":"","width":"","height":""}],"twitter_card":"summary_large_image","twitter_misc":{"Tiempo de lectura":"2 minutos"},"schema":{"@context":"https:\/\/schema.org","@graph":[{"@type":"WebPage","@id":"https:\/\/www.fecanbm.es\/fuerteventura\/junta-de-gobierno\/","url":"https:\/\/www.fecanbm.es\/fuerteventura\/junta-de-gobierno\/","name":"Junta de Gobierno - Federaci\u00f3n Insular de Fuerteventura","isPartOf":{"@id":"https:\/\/www.fecanbm.es\/fuerteventura\/#website"},"primaryImageOfPage":{"@id":"https:\/\/www.fecanbm.es\/fuerteventura\/junta-de-gobierno\/#primaryimage"},"image":{"@id":"https:\/\/www.fecanbm.es\/fuerteventura\/junta-de-gobierno\/#primaryimage"},"thumbnailUrl":"https:\/\/www.fecanbm.es\/fuerteventura\/wp-content\/uploads\/sites\/5\/elementor\/thumbs\/avatar_icon-r6roua44yeh7c8jxiskf775rg4gdy88zf1q387gbx8.webp","datePublished":"2025-06-03T12:57:07+00:00","dateModified":"2025-06-20T09:47:50+00:00","breadcrumb":{"@id":"https:\/\/www.fecanbm.es\/fuerteventura\/junta-de-gobierno\/#breadcrumb"},"inLanguage":"es","potentialAction":[{"@type":"ReadAction","target":["https:\/\/www.fecanbm.es\/fuerteventura\/junta-de-gobierno\/"]}]},{"@type":"ImageObject","inLanguage":"es","@id":"https:\/\/www.fecanbm.es\/fuerteventura\/junta-de-gobierno\/#primaryimage","url":"https:\/\/www.fecanbm.es\/fuerteventura\/wp-content\/uploads\/sites\/5\/elementor\/thumbs\/avatar_icon-r6roua44yeh7c8jxiskf775rg4gdy88zf1q387gbx8.webp","contentUrl":"https:\/\/www.fecanbm.es\/fuerteventura\/wp-content\/uploads\/sites\/5\/elementor\/thumbs\/avatar_icon-r6roua44yeh7c8jxiskf775rg4gdy88zf1q387gbx8.webp"},{"@type":"BreadcrumbList","@id":"https:\/\/www.fecanbm.es\/fuerteventura\/junta-de-gobierno\/#breadcrumb","itemListElement":[{"@type":"ListItem","position":1,"name":"Portada","item":"https:\/\/www.fecanbm.es\/fuerteventura\/"},{"@type":"ListItem","position":2,"name":"Junta de Gobierno"}]},{"@type":"WebSite","@id":"https:\/\/www.fecanbm.es\/fuerteventura\/#website","url":"https:\/\/www.fecanbm.es\/fuerteventura\/","name":"Federaci\u00f3n Insular de Fuerteventura","description":"Federaci\u00f3n Insular de Fuerteventura","potentialAction":[{"@type":"SearchAction","target":{"@type":"EntryPoint","urlTemplate":"https:\/\/www.fecanbm.es\/fuerteventura\/?s={search_term_string}"},"query-input":{"@type":"PropertyValueSpecification","valueRequired":true,"valueName":"search_term_string"}}],"inLanguage":"es"}]}},"_links":{"self":[{"href":"https:\/\/www.fecanbm.es\/fuerteventura\/wp-json\/wp\/v2\/pages\/8145","targetHints":{"allow":["GET"]}}],"collection":[{"href":"https:\/\/www.fecanbm.es\/fuerteventura\/wp-json\/wp\/v2\/pages"}],"about":[{"href":"https:\/\/www.fecanbm.es\/fuerteventura\/wp-json\/wp\/v2\/types\/page"}],"author":[{"embeddable":true,"href":"https:\/\/www.fecanbm.es\/fuerteventura\/wp-json\/wp\/v2\/users\/1"}],"replies":[{"embeddable":true,"href":"https:\/\/www.fecanbm.es\/fuerteventura\/wp-json\/wp\/v2\/comments?post=8145"}],"version-history":[{"count":16,"href":"https:\/\/www.fecanbm.es\/fuerteventura\/wp-json\/wp\/v2\/pages\/8145\/revisions"}],"predecessor-version":[{"id":8422,"href":"https:\/\/www.fecanbm.es\/fuerteventura\/wp-json\/wp\/v2\/pages\/8145\/revisions\/8422"}],"wp:attachment":[{"href":"https:\/\/www.fecanbm.es\/fuerteventura\/wp-json\/wp\/v2\/media?parent=8145"}],"curies":[{"name":"wp","href":"https:\/\/api.w.org\/{rel}","templated":true}]}}